{"id":691,"date":"2018-09-11T17:10:45","date_gmt":"2018-09-11T15:10:45","guid":{"rendered":"http:\/\/test4.forum-5w.ch\/?page_id=691"},"modified":"2018-10-22T10:32:29","modified_gmt":"2018-10-22T08:32:29","slug":"sabine-knuesli","status":"publish","type":"page","link":"https:\/\/test4.forum-5w.ch\/?page_id=691","title":{"rendered":"Sabine Kn\u00fcsli &#8211; Kandidatur Herbst 2018"},"content":{"rendered":"<p><a href=\"http:\/\/test4.forum-5w.ch\/wp-content\/uploads\/2018\/09\/P-SabineKnuesli-400.jpg\"><img loading=\"lazy\" class=\"alignnone wp-image-695\" src=\"http:\/\/test4.forum-5w.ch\/wp-content\/uploads\/2018\/09\/P-SabineKnuesli-400-225x300.jpg\" alt=\"\" width=\"171\" height=\"229\" \/><\/a><\/p>\n<table width=\"677\">\n<tbody>\n<tr>\n<td width=\"161\"><strong>Vorname:<\/strong><\/td>\n<td width=\"516\">Sabine<\/td>\n<\/tr>\n<tr>\n<td width=\"161\"><strong>Nachname:<\/strong><\/td>\n<td width=\"516\">Kn\u00fcsli-Suter<\/td>\n<\/tr>\n<tr>\n<td width=\"161\"><strong>Beruf:<\/strong><\/td>\n<td width=\"516\">lic. iur. Rechtsanw\u00e4ltin<\/td>\n<\/tr>\n<tr>\n<td width=\"161\"><strong>Jahrgang:<\/strong><\/td>\n<td width=\"516\">1975<\/td>\n<\/tr>\n<tr>\n<td width=\"161\"><strong>Familie:<\/strong><\/td>\n<td width=\"516\">verheiratet, drei Kinder: Georg (2009), Anna (2011), Emilie (2013)<\/td>\n<\/tr>\n<tr>\n<td width=\"161\"><strong>Wohnort:<\/strong><\/td>\n<td width=\"516\">Zollikon, seit 1977 (2001 \u2013 2009 in Z\u00fcrich und im Ausland)<\/td>\n<\/tr>\n<tr>\n<td width=\"161\"><strong>Amt:<\/strong><\/td>\n<td width=\"516\">Schulpflege (neu) &#8211; Kandidatur<\/td>\n<\/tr>\n<tr>\n<td width=\"161\"><strong>Slogan:<\/strong><\/td>\n<td width=\"516\">Engagiert f\u00fcr eine lebendige Schule, die fordert, f\u00f6rdert und Freude macht.<\/td>\n<\/tr>\n<tr>\n<td width=\"161\"><\/td>\n<td width=\"516\"><u>Warum kandidiere ich?<\/u><\/p>\n<p>Die Schule ist mit grossen Herausforderungen wie steigenden Sch\u00fclerzahlen, Umsetzung der Neuerungen des Lehrplans 21, Kostendruck, Leistungsdruck, Betreuungsauftrag und dem Auftrag zur Integration von Sondersch\u00fclerinnen und -sch\u00fclern konfrontiert. Die Schulpflege hat die Schule darin zu unterst\u00fctzen, diese Herausforderungen mit Weitsicht und Verantwortung wahrzunehmen. Die Schulpflege muss die gesetzlichen Vorgaben, die Bed\u00fcrfnisse der Kinder und die Interessen der Eltern, der Lehrpersonen und der Gemeinschaft in Einklang bringen. Das ist ein anspruchsvoller Prozesses, der Kooperation und\u00a0Zukunftsf\u00e4higkeit ins Zentrum stellt und offene Kommunikation untereinander voraussetzt.\u00a0Als Mutter von drei in Zollikon schulpflichtigen Kindern (3. Klasse, 1. Klasse, 1. Kindergarten) beobachte ich all dies mit grossem Interesse.<\/p>\n<p><u>Warum ist mir die Schule wichtig?<\/u><\/p>\n<p>Eine gute Ausbildung unserer Kinder ist ein Privileg und keine Selbstverst\u00e4ndlichkeit. Unsere Kinder und Jugendlichen auszubilden, bedeutet eine grosse Verantwortung f\u00fcr alle daran Beteiligten. Eine solide Ausbildung ist, neben der Erziehung und den eigenen Erfahrungen junger Menschen, das gr\u00f6sste Gut, das wir ihnen auf den Lebensweg mitgeben k\u00f6nnen. Darauf hat sich die Schule prim\u00e4r auszurichten. Unsere Zolliker Schule soll darum pers\u00f6nlichen Einsatz und gute Leistungen von allen fordern d\u00fcrfen, die am Ausbildungsauftrag beteiligt sind. Im Gegenzug sorgt sie f\u00fcr eine funktionierende Infrastruktur, f\u00fcr professionelle Fachkr\u00e4fte und ein Klima der Wertsch\u00e4tzung und des Vertrauens.<\/p>\n<p><u>Was bringe ich mit?<\/u><\/p>\n<p>Neben meiner Erfahrung als Mutter bringe ich meine Ausbildung als Anw\u00e4ltin mit. Die Komplexit\u00e4t der Fragen nimmt zu und mit ihr auch die Zahl der Rechtsfragen. Da wird mein juristisches Handwerk hilfreich sein. Da ich nicht Vollzeit arbeite, kann ich die Zeit, die es f\u00fcr ein Schulpflegeamt braucht, bereitstellen und k\u00f6nnte in der Schule pr\u00e4sent sein. Weiter kann ich auf meine berufliche F\u00fchrungserfahrung und die Freude an der Arbeit im Team z\u00e4hlen. Den Ausbildungsauftrag umzusetzen erfordert Gesp\u00fcr, \u00fcberlegten Einsatz der finanziellen Mittel, Entscheidungswillen, kritisches Fragen, Festhalten an Bew\u00e4hrtem, aber auch Mut zu Ver\u00e4nderungen. Unsere Schule soll fordern und f\u00f6rdern aber auch Freude machen.<\/p>\n<p>Ich wohne seit 1977 mehrheitlich in Zollikon, bin hier aufgewachsen und f\u00fchle mich daher sehr mit Zollikon verbunden. Die Mittelschule und das Jus-Studium habe ich in Z\u00fcrich absolviert. Es folgten die Arbeit am Gericht, der Erwerb des Anwaltspatents und die T\u00e4tigkeit mit F\u00fchrungserfahrung im Rechtsdienst einer Steuerberatungsfirma. In London habe ich die \u00c4quivalenzpr\u00fcfung f\u00fcr die Zulassung zur Anwaltst\u00e4tigkeit in England und Wales (\u00abQLTT\u00bb) erworben. Ich engagiere mich in der Gemeinde bereits durch meine Mitarbeit in der ref.\u00a0Kirche und im Vorstand der Baugenossenschaft Pro Familia Zollikon.<\/p>\n<p>Haben Sie eine Frage an mich? Dann schreiben Sie mir doch ein E-Mail an <a href=\"mailto:sabine.knuesli@forum-5w.ch\">sabine.knuesli@forum-5w.ch<\/a>.<\/td>\n<\/tr>\n<\/tbody>\n<\/table>\n<p>&nbsp;<\/p>\n","protected":false},"excerpt":{"rendered":"<div class=\"mh-excerpt\"><p>Vorname: Sabine Nachname: Kn\u00fcsli-Suter Beruf: lic. iur. Rechtsanw\u00e4ltin Jahrgang: 1975 Familie: verheiratet, drei Kinder: Georg (2009), Anna (2011), Emilie (2013) Wohnort: Zollikon, seit 1977 (2001 \u2013 2009 in Z\u00fcrich und im Ausland) Amt: Schulpflege (neu) <a class=\"mh-excerpt-more\" href=\"https:\/\/test4.forum-5w.ch\/?page_id=691\" title=\"Sabine Kn\u00fcsli &#8211; Kandidatur Herbst 2018\">[&#8230;]<\/a><\/p>\n<\/div>","protected":false},"author":18,"featured_media":0,"parent":110,"menu_order":0,"comment_status":"closed","ping_status":"closed","template":"","meta":[],"_links":{"self":[{"href":"https:\/\/test4.forum-5w.ch\/index.php?rest_route=\/wp\/v2\/pages\/691"}],"collection":[{"href":"https:\/\/test4.forum-5w.ch\/index.php?rest_route=\/wp\/v2\/pages"}],"about":[{"href":"https:\/\/test4.forum-5w.ch\/index.php?rest_route=\/wp\/v2\/types\/page"}],"author":[{"embeddable":true,"href":"https:\/\/test4.forum-5w.ch\/index.php?rest_route=\/wp\/v2\/users\/18"}],"replies":[{"embeddable":true,"href":"https:\/\/test4.forum-5w.ch\/index.php?rest_route=%2Fwp%2Fv2%2Fcomments&post=691"}],"version-history":[{"count":10,"href":"https:\/\/test4.forum-5w.ch\/index.php?rest_route=\/wp\/v2\/pages\/691\/revisions"}],"predecessor-version":[{"id":722,"href":"https:\/\/test4.forum-5w.ch\/index.php?rest_route=\/wp\/v2\/pages\/691\/revisions\/722"}],"up":[{"embeddable":true,"href":"https:\/\/test4.forum-5w.ch\/index.php?rest_route=\/wp\/v2\/pages\/110"}],"wp:attachment":[{"href":"https:\/\/test4.forum-5w.ch\/index.php?rest_route=%2Fwp%2Fv2%2Fmedia&parent=691"}],"curies":[{"name":"wp","href":"https:\/\/api.w.org\/{rel}","templated":true}]}}