{"id":53,"date":"2016-04-18T11:05:26","date_gmt":"2016-04-18T11:05:26","guid":{"rendered":"http:\/\/test4.forum-5w.ch\/?page_id=53"},"modified":"2016-04-18T18:00:07","modified_gmt":"2016-04-18T18:00:07","slug":"politik-bereiche","status":"publish","type":"page","link":"https:\/\/test4.forum-5w.ch\/?page_id=53","title":{"rendered":"Politik-Bereiche"},"content":{"rendered":"<p>Das Forum 5W konzentriert sich ausschliesslich auf die Kommunalpolitik.<\/p>\n<p>wichtige Postulate sind:<\/p>\n<p>ausgewogenen Bev\u00f6lkerungsstruktur &#8211; sowohl alterm\u00e4ssig wie auch sozial<\/p>\n<p>der Steuerfuss ist nicht prim\u00e4res Politikziel<\/p>\n<p>Leistungen der Gemeinde sollen dem GEmeinwohl dienen &#8211; der \u00f6ffentliche Raum &#8211; inkl. Naherholungsgebiete soll gepflegt sein. Hierf\u00fcr d\u00fcrfen auch Steuergelder eingesetzt werden.<\/p>\n<p>Die F\u00f6rderung des Zusammenleben ist eine wichtige gemeinsame Aufgabe. Die Gemeinde soll mit personeller Ressourcen die gemeinn\u00fctzigen Verein unterst\u00fctzten, damit man auch weiterhin\u00a0&#8220;Fahnentr\u00e4ger&#8221; findet, welche diese Vereine f\u00fchren. Ein Vereinssterben aufgrund zu hoher administrativer Belastung der Organe ist zu verhindern!<\/p>\n<p>etc.<\/p>\n<p>In den Untermenus finden Sie zu einzelnen Themen weitere Leitgedanken des Forums.<\/p>\n<p>&nbsp;<\/p>\n","protected":false},"excerpt":{"rendered":"<div class=\"mh-excerpt\"><p>Das Forum 5W konzentriert sich ausschliesslich auf die Kommunalpolitik. wichtige Postulate sind: ausgewogenen Bev\u00f6lkerungsstruktur &#8211; sowohl alterm\u00e4ssig wie auch sozial der Steuerfuss ist nicht prim\u00e4res Politikziel Leistungen der Gemeinde sollen dem GEmeinwohl dienen &#8211; der <a class=\"mh-excerpt-more\" href=\"https:\/\/test4.forum-5w.ch\/?page_id=53\" title=\"Politik-Bereiche\">[&#8230;]<\/a><\/p>\n<\/div>","protected":false},"author":2,"featured_media":0,"parent":0,"menu_order":0,"comment_status":"closed","ping_status":"closed","template":"","meta":[],"_links":{"self":[{"href":"https:\/\/test4.forum-5w.ch\/index.php?rest_route=\/wp\/v2\/pages\/53"}],"collection":[{"href":"https:\/\/test4.forum-5w.ch\/index.php?rest_route=\/wp\/v2\/pages"}],"about":[{"href":"https:\/\/test4.forum-5w.ch\/index.php?rest_route=\/wp\/v2\/types\/page"}],"author":[{"embeddable":true,"href":"https:\/\/test4.forum-5w.ch\/index.php?rest_route=\/wp\/v2\/users\/2"}],"replies":[{"embeddable":true,"href":"https:\/\/test4.forum-5w.ch\/index.php?rest_route=%2Fwp%2Fv2%2Fcomments&post=53"}],"version-history":[{"count":5,"href":"https:\/\/test4.forum-5w.ch\/index.php?rest_route=\/wp\/v2\/pages\/53\/revisions"}],"predecessor-version":[{"id":176,"href":"https:\/\/test4.forum-5w.ch\/index.php?rest_route=\/wp\/v2\/pages\/53\/revisions\/176"}],"wp:attachment":[{"href":"https:\/\/test4.forum-5w.ch\/index.php?rest_route=%2Fwp%2Fv2%2Fmedia&parent=53"}],"curies":[{"name":"wp","href":"https:\/\/api.w.org\/{rel}","templated":true}]}}